by 101.
91
Calculate the remainder when 20904 is divided by 9923.
1058
Calculate the remainder when 687123 is divided by 62453.
140
Calculate the remainder when 433867 is divided by 26.
5
Calculate the remainder when 48341 is divided by 16060.
161
What is the remainder when 246232 is divided by 3379?
2944
Calculate the remainder when 264263 is divided by 3478.
3413
What is the remainder when 556873 is divided by 205?
93
What is the remainder when 3226063 is divided by 13?
9
What is the remainder when 4941873 is divided by 81?
63
What is the remainder when 5088112 is divided by 2438?
6
What is the remainder when 1176671 is divided by 56028?
83
Calculate the remainder when 159330 is divided by 159309.
21
What is the remainder when 2584002 is divided by 7?
1
Calculate the remainder when 223474 is divided by 219.
94
Calculate the remainder when 6165 is divided by 2647.
871
Calculate the remainder when 1013809 is divided by 2437.
17
Calculate the remainder when 7285355 is divided by 1058.
1025
Calculate the remainder when 82598 is divided by 671.
65
Calculate the remainder when 9676880 is divided by 2739.
2732
What is the remainder when 2225032 is divided by 1187?
594
What is the remainder when 21888451 is divided by 1255?
1251
What is the remainder when 4766052 is divided by 453?
39
Calculate the remainder when 194287 is divided by 786.
145
What is the remainder when 120770437 is divided by 74?
69
What is the remainder when 278898 is divided by 139423?
52
What is the remainder when 47742 is divided by 47670?
72
What is the remainder when 81227295 is divided by 18?
9
Calculate the remainder when 33584515 is divided by 579043.
21
Calculate the remainder when 99594914 is divided by 44.
34
What is the remainder when 221738085 is divided by 33?
30
Calculate the remainder when 1782853 is divided by 84891.
142
Calculate the remainder when 59740274 is divided by 159.
158
Calculate the remainder when 8439971 is divided by 1067.
1
What is the remainder when 636409 is divided by 59?
35
What is the remainder when 82991 is divided by 3835?
2456
Calculate the remainder when 75235336 is divided by 522.
520
What is the remainder when 36810915 is divided by 582?
579
What is the remainder when 23319152 is divided by 32?
16
What is the remainder when 12537459 is divided by 482209?
25
Calculate the remainder when 2319513 is divided by 25489.
14
What is the remainder when 2061504827 is divided by 595?
592
Calculate the remainder when 143158 is divided by 35692.
390
What is the remainder when 336032 is divided by 461?
424
What is the remainder when 105031538 is divided by 129?
125
What is the remainder when 94459 is divided by 10426?
625
Calculate the remainder when 605946 is divided by 11644.
458
What is the remainder when 889822167 is divided by 9510?
9507
What is the remainder when 1067579498 is divided by 185?
183
Calculate the remainder when 14510784 is divided by 2576.
176
What is the remainder when 18160604 is divided by 59?
50
Calculate the remainder when 143895269 is divided by 61.
51
What is the remainder when 49770727 is divided by 406?
405
Calculate the remainder when 331397 is divided by 171.
170
What is the remainder when 12216 is divided by 1256?
912
Calculate the remainder when 88776 is divided by 5459.
1432
Calculate the remainder when 11305 is divided by 11305.
0
What is the remainder when 970106 is divided by 1173?
35
What is the remainder when 231146 is divided by 38491?
200
Calculate the remainder when 493840 is divided by 9489.
412
What is the remainder when 1358519 is divided by 15?
14
What is the remainder when 17748530 is divided by 52?
46
Calculate the remainder when 3865042 is divided by 143.
38
Calculate the remainder when 1028762 is divided by 266.
140
Calculate the remainder when 76752286 is divided by 10964612.
2
What is the remainder when 491270348 is divided by 13?
10
Calculate the remainder when 127311561 is divided by 86.
85
Calculate the remainder when 7354 is divided by 5322.
2032
Calculate the remainder when 2134118 is divided by 8.
6
Calculate the remainder when 1805884 is divided by 358.
132
What is the remainder when 98190 is divided by 353?
56
Calculate the remainder when 670990 is divided by 669.
652
Calculate the remainder when 3479382 is divided by 1839.
1833
What is the remainder when 199410499 is divided by 2257?
35
What is the remainder when 9142144 is divided by 3047368?
40
What is the remainder when 21641 is divided by 1334?
297
What is the remainder when 165637 is divided by 53415?
5392
What is the remainder when 1292137 is divided by 389?
268
What is the remainder when 65712 is divided by 8043?
1368
What is the remainder when 390340 is divided by 1404?
28
What is the remainder when 245663 is divided by 5218?
417
What is the remainder when 15296123 is divided by 21?
17
What is the remainder when 2488150 is divided by 59?
2
What is the remainder when 25261801 is divided by 439?
424
Calculate the remainder when 533252 is divided by 14046.
13550
Calculate the remainder when 12130795 is divided by 72.
19
Calculate the remainder when 4119697 is divided by 196.
169
Calculate the remainder when 378403 is divided by 37786.
543
What is the remainder when 37934 is divided by 2672?
526
What is the remainder when 2856136 is divided by 2234?
1084
Calculate the remainder when 19008858 is divided by 112.
106
What is the remainder when 479305 is divided by 130?
125
What is the remainder when 46789884 is divided by 22?
20
What is the remainder when 509011 is divided by 254465?
81
Calculate the remainder when 2446869 is divided by 5308.
5189
What is the remainder when 2316572 is divided by 125?
72
What is the remainder when 9189691 is divided by 104428?
27
What is the remainder when 13169161 is divided by 3845?
36
Calculate the remainder when 84176 is divided by 50.
26
Calculate the remainder when 248485 is divided by 2243.
1755
What is the remainder when 1123126 is divided by 481?
472
Calculate the remainder when 5798997 is divided by 1932999.
0
What is the remainder when 190265516 is divided by 73?
68
Calculate the remainder when 576316 is divided by 775.
491
Calculate the remainder when 3888447 is divided by 9149.
122
What is the remainder when 139632 is divided by 15280?
2112
What is the remainder when 38115 is divided by 1479?
1140
Calculate the remainder when 43516096 is divided by 258.
10
What is the remainder when 3456498 is divided by 4560?
18
What is the remainder when 2497 is divided by 166?
7
What is the remainder when 269214 is divided by 182?
36
Calculate the remainder when 108404 is divided by 108363.
41
Calculate the remainder when 1313393 is divided by 218626.
1637
Calculate the remainder when 12291797 is divided by 2959.
111
Calculate the remainder when 13602399 is divided by 34.
19
Calculate the remainder when 4627248 is divided by 843.
21
Calculate the remainder when 251944 is divided by 15.
4
What is the remainder when 2046004 is divided by 1542?
1312
Calculate the remainder when 290130974 is divided by 1264.
1262
Calculate the remainder when 190706 is divided by 38062.
396
What is the remainder when 1721044 is divided by 429997?
1056
What is the remainder when 9088078 is divided by 413?
13
Calculate the remainder when 2990454 is divided by 2187.
825
What is the remainder when 8844244 is divided by 18?
16
What is the remainder when 335199 is divided by 384?
351
Calculate the remainder when 754280257 is divided by 1626.
1621
Calculate the remainder when 278718356 is divided by 30.
26
Calculate the remainder when 2849128 is divided by 3903.
3841
What is the remainder when 6129823 is divided by 20779?
18
What is the remainder when 112296 is divided by 1052?
784
What is the remainder when 193587 is divided by 596?
483
Calculate the remainder when 769960 is divided by 214.
202
What is the remainder when 959860 is divided by 9053?
242
What is the remainder when 246391 is divided by 16411?
226
What is the remainder when 32184 is divided by 5140?
1344
What is the remainder when 1601674 is divided by 11691?
7
Calculate the remainder when 955184 is divided by 238769.
108
What is the remainder when 2601054 is divided by 2550?
54
What is the remainder when 42539010 is divided by 2434?
2426
What is the remainder when 216053